ided by 4.
3
What is the remainder when (-21*(-91)/63)/((-5)/(-15)) is divided by 31?
29
Let c(j) = 5*j**2 - 10*j + 51. Calculate the remainder when c(6) is divided by 58.
55
Let f(c) = -5 + 2*c**3 + c**3 + 2*c - 6*c**2 + 1 - 2*c**3. What is the remainder when 29 is divided by f(6)?
5
Suppose 58*m - 11*m - 12079 = 0. Calculate the remainder when m is divided by 43.
42
Suppose 3*m + z - 45 = 0, 9*m = 4*m - z + 77. Let a(r) = 10*r**2 + r. What is the remainder when a(3) is divided by m/(3 + 35/(-15))?
21
Let b = 286 - 279. What is the remainder when 13 is divided by b?
6
Suppose 0 = -73*p + 70*p + 174. Calculate the remainder when 113 is divided by p.
55
Suppose -23*i + 27*i - 100 = 0. What is the remainder when 74 is divided by i?
24
Suppose -3*k + 32 = -13. Let v be 3/(-2)*(13 + 11). Calculate the remainder when 157 is divided by k*-6*16/v.
37
Let u(k) = 2*k**2 + 13*k + 731. What is the remainder when u(0) is divided by 32?
27
Let a(w) = -w**2 + 6*w - 4. Let f be a(4). Let p(y) = -y**3 + 4*y**2 + 6*y - 10. Calculate the remainder when 40 is divided by p(f).
12
Suppose 10 = -3*s + c - 3*c, -s + 5*c + 25 = 0. Suppose -l - 79 = -4*i, -i + s*l - l + 26 = 0. Calculate the remainder when 80 is divided by i.
17
Suppose l + 3*l + 4*r = -60, -2*r - 58 = 4*l. Suppose -4*m + 92 = f - 3*f, 92 = 4*m + 2*f. Let h = m + l. What is the remainder when 26 is divided by h?
8
Suppose -4*q + f = -0*q - 100, 0 = -2*q + 4*f + 64. Calculate the remainder when 149 is divided by q.
5
Let t(b) = -2*b**2 + 17*b - 15. Let f be t(6). Suppose -f*k = -8*k - 140. Calculate the remainder when 59 is divided by k.
19
Suppose 35 = 8*y - y. Let i = 50 - -41. Suppose 2*l - 41 + 16 = -y*u, 3*u = -5*l + i. Calculate the remainder when 79 is divided by l.
19
Let l(s) = s**2 - s - 1. Let a be l(-2). Let b(q) = -q**2 - 5*q + 0*q**2 - a*q. What is the remainder when 93 is divided by b(-6)?
21
Let z = 40 - 45. Let l(a) = -3*a + 1. Let t(i) = i**2 - 7*i - 2. Calculate the remainder when l(z) is divided by t(8).
4
Suppose 6 = 6*h - 4*h. Suppose 96 = 3*b + h. Let t(f) = -3*f + 4. What is the remainder when b is divided by t(-4)?
15
Suppose -g + 6*g - 3*f = 1570, 5*f - 286 = -g. Calculate the remainder when g is divided by 23.
12
Let v(w) = -w**2 + w + 11. Let n(m) = -m - 6. Let k(h) = -5*n(h) - 3*v(h). What is the remainder when k(-4) is divided by -3 + 5 + 12 + -1?
11
Suppose 2*g + b - 75 - 34 = 0, -277 = -5*g - b. Calculate the remainder when 613 is divided by g.
53
What is the remainder when (-6090)/(-25) - 2/(-5) is divided by 21?
13
Suppose 66 = 5*m + 16. What is the remainder when (6*4/(-8) - -29) + -2 is divided by m?
4
Let c(r) = r**3 + 15*r**2 + 36*r + 13. Calculate the remainder when 74 is divided by c(-12).
9
Suppose 0*l + o + 128 = 2*l, -298 = -5*l - 3*o. What is the remainder when 35 is divided by l/6 - 2/6?
5
Suppose -10*j + 81 + 109 = 0. Calculate the remainder when (-4 + 0)/8*-74 is divided by j.
18
Let x(z) = z**3 + 4*z**2 - 32*z + 34. Calculate the remainder when 608 is divided by x(-8).
30
What is the remainder when 1091 is divided by (129/(-86))/(1 - (-81)/(-78))?
38
Suppose 761 = 10*b - 309. Calculate the remainder when b is divided by 36.
35
Suppose -5*m + 14326 = -3*h, 7*m = 3*m - 2*h + 11452. Calculate the remainder when m/72 - 4/(-18) is divided by 7.
5
Suppose -3*y = 3*y + 276. Calculate the remainder when -2 + y/(-4)*2 is divided by 12.
9
Let p(d) = -d**3 + 4*d**2 + 4*d + 16. What is the remainder when 150/4*(1 + 1) is divided by p(5)?
9
Let j(t) = -18*t - 153. Calculate the remainder when 23 is divided by j(-9).
5
Let j = 76 + -42. Let b(x) = 3*x**2 + 2*x - 3. Calculate the remainder when j is divided by b(-3).
16
Let j = 966 + -910. What is the remainder when 894 is divided by j?
54
Let c = 2057 - 1166. What is the remainder when c is divided by 47?
45
Let q(b) = -b**2 - 8*b + 2. Let r = -392 + 422. Calculate the remainder when r is divided by q(-7).
3
Suppose 0 = 2*r + 10 - 30. Let t be 3/(-4)*-4 - 0. Suppose t*w - 2*w - 17 = 0. Calculate the remainder when w is divided by r.
7
Suppose -2*s + 24 = a - 35, 199 = 3*a - 5*s. Calculate the remainder when 1699 is divided by a.
61
Let k be -1*(-3 - (-30)/(-3)). Suppose -5*u - v = 3*v - 44, -3*v - k = -2*u. Let h = 16 + -11. What is the remainder when u is divided by h?
3
Let m(l) = l**2 + l - 2. Let o = 6 - 0. Let t(j) = j**2 - 3*j - 8. What is the remainder when m(-5) is divided by t(o)?
8
Let x(m) = m**3 + 5*m**2 + 2*m + 2. Let y = -7 + 2. Let h be x(y). Let l(z) = -z**3 - 6*z**2 + 8*z + 1. Calculate the remainder when l(h) is divided by 17.
14
Let j be 2/5 - (-64)/(-10). Let m(h) = -7*h. What is the remainder when (-9)/j - 483/(-6) is divided by m(-3)?
19
Calculate the remainder when (32/(-14))/(24/(-924)) is divided by 81.
7
Suppose 18 = 5*r + 3. Suppose 5*h + 4*x - 176 = 304, -325 = -r*h + 5*x. Calculate the remainder when h is divided by 17.
15
Let j = -29 + 61. Let z be 9/18 + 530/(-4). Calculate the remainder when j is divided by z/(-8)*(-4)/(-6).
10
Let m(q) = -3*q**2 - 26*q - 32. Calculate the remainder when 939 is divided by m(-7).
0
Suppose 10 = -3*u + 5*u. Suppose 161 = u*l - 104. Calculate the remainder when l is divided by 11.
9
Suppose 0 = -9*w - 143 - 109. Let o = -22 - w. Calculate the remainder when 15 is divided by o.
3
What is the remainder when 128 is divided by 8786/115 - 2/5 - 5?
57
Let w(z) = -z**2 - 8*z + 2. Let b = -21 + 14. Suppose -3*f - 12 + 60 = 0. What is the remainder when f is divided by w(b)?
7
Let w(o) = -o + 17. Calculate the remainder when 8 is divided by w(13).
0
Let g = 67 - 44. Suppose -g*t = -21*t - 84. What is the remainder when t is divided by 15?
12
Let k be (2 + 1 + (-24)/6)/(-1). Suppose -m + 3 - k = v, 0 = v - 2*m - 5. What is the remainder when v is divided by 3?
0
Let n(s) = 15*s**2 - 11*s + 22. Calculate the remainder when n(3) is divided by 5.
4
Let l(t) = 17*t - 14. Calculate the remainder when 49 is divided by l(1).
1
Suppose 2*z - 4*a = 132 + 78, 4*z + 5*a = 368. What is the remainder when z is divided by 42?
13
Let k(l) = l**3 - 2*l**2 - 3*l + 5. Let j be ((-96)/3 + 1)*-1. Suppose -3*o + 8 = -j. What is the remainder when o is divided by k(3)?
3
Let v = -256 - -267. Calculate the remainder when 61 is divided by v.
6
Suppose 0*i + 52 = 2*i. Suppose q - 89 = m - 0, -q - 5*m = -95. Suppose 4*j - 4*c = 390 - q, 0 = -4*c. What is the remainder when j is divided by i?
23
Let d = 44 + -38. Suppose -3*u - 45 - 71 = a, -151 = 4*u + 5*a. Let m = d - u. What is the remainder when m is divided by 16?
13
Suppose 4*q = q + 18. Let n = 10 - q. Let l = n - -3. Calculate the remainder when 26 is divided by l.
5
Suppose 4 = h, 0 = -7*n + 2*n + 3*h + 23. Let c = -26 - -11. Calculate the remainder when 13 + (-5)/(c/(-6)) is divided by n.
4
Let o be 0 + (50 + 1)*-3 + 3. Let s = -100 - o. What is the remainder when s is divided by 27?
23
Let h be (-2 - (-2)/2)*3. Let w(d) = d**2 + 5*d + 4. Let m be w(h). What is the remainder when 10 is divided by (-4 - 0)/(m - -1)?
2
Let l = -158 - -243. Suppose 14*a + 40 = 2*r + 10*a, r + 3*a - 25 = 0. What is the remainder when l is divided by r?
19
Suppose 3*f - 280 = 2*l + 21, 4*f + l - 405 = 0. Calculate the remainder when f is divided by 27.
20
Let j(h) = h**2 - 9*h - 14. Suppose 0 = 5*g - l - 56, 4*g - 3 = l + 42. Suppose -b = -2*b + g. Calculate the remainder when j(b) is divided by 2.
0
Suppose -r = -l - 6*r + 116, 3*l - 5*r = 328. Let z = l + -63. Let u(i) = -i**3 - 12*i**2 - 31*i - 23. What is the remainder when z is divided by u(-9)?
9
Let z(u) = -4*u + 28. Let o be z(-13). Suppose i = -3*i + o. What is the remainder when i is divided by 11?
9
What is the remainder when (-5159)/(-44) + (-2)/8 is divided by 24?
21
Let r(f) = -f**2 + 12*f + 8. Suppose 0 = -3*h + 2*s + 26, -5*s = -2*h - 4*s + 19. What is the remainder when 111 is divided by r(h)?
7
Suppose -3*a + 1 + 53 = 0. Let i(f) = 2*f. Let h be i(5). Let o = h + -3. What is the remainder when a is divided by o?
4
Calculate the remainder when 621 is divided by (-72)/168 + (-93)/(-21).
1
Suppose -202*d = -191*d - 6743. Calculate the remainder when d is divided by 44.
41
Let u(y) be the third derivative of y**5/30 - y**4/12 - 17*y**3/6 - 2*y**2. Let q be u(7). Suppose 5*w = q + 18. Wh